{"id":245,"date":"2025-06-30T20:45:49","date_gmt":"2025-06-30T20:45:49","guid":{"rendered":"http:\/\/krolowapolskijanuszkowice.pl\/?page_id=245"},"modified":"2025-06-30T20:45:49","modified_gmt":"2025-06-30T20:45:49","slug":"namaszczenie-chorych","status":"publish","type":"page","link":"http:\/\/krolowapolskijanuszkowice.pl\/?page_id=245","title":{"rendered":"Namaszczenie chorych"},"content":{"rendered":"<p style=\"text-align: justify;\"><img loading=\"lazy\" decoding=\"async\" class=\"size-full wp-image-246 alignleft\" src=\"http:\/\/krolowapolskijanuszkowice.pl\/wp-content\/uploads\/2025\/06\/Namaszczenie-150x150-1.jpg\" alt=\"\" width=\"150\" height=\"150\" \/>\u201cChoruje kto\u015b w\u015br\u00f3d was? Niech sprowadzi kap\u0142an\u00f3w Ko\u015bcio\u0142a, by si\u0119 modlili nad nim i nama\u015bcili go olejem w imi\u0119 Pana. A modlitwa pe\u0142na wiary b\u0119dzie dla chorego ratunkiem i Pan go pod\u017awignie, a je\u015bliby pope\u0142ni\u0142 grzechy, b\u0119d\u0105 mu odpuszczone\u201d. (Jk 5, 14 \u2013 15).<\/p>\n<p style=\"text-align: justify;\">Sakrament namaszczenia chorych jest przeznaczony dla os\u00f3b ci\u0119\u017cko chorych i starszych. Mo\u017cna przyjmowa\u0107 go wielokrotnie, nie tylko w sytuacji zagro\u017cenia \u017cycia. Skutki specjalnej \u0142aski sakramentu namaszczenia chorych s\u0105 nast\u0119puj\u0105ce:<\/p>\n<ul style=\"text-align: justify;\">\n<li>\u00a0zjednoczenie chorego z m\u0119k\u0105 Chrystusa dla jego w\u0142asnego dobra oraz dla dobra ca\u0142ego Ko\u015bcio\u0142a;<\/li>\n<li>umocnienie, pok\u00f3j i odwaga, by przyjmowa\u0107 po chrze\u015bcija\u0144sku cierpienia choroby i staro\u015bci;<\/li>\n<li>przebaczenie grzech\u00f3w, je\u015bli chory nie m\u00f3g\u0142 go otrzyma\u0107 przez sakrament pokuty;<\/li>\n<li>powr\u00f3t do zdrowia, je\u015bli to s\u0142u\u017cy dobru duchowemu;<\/li>\n<li>przygotowanie na przej\u015bcie do \u017cycia wiecznego.<\/li>\n<\/ul>\n<p style=\"text-align: justify;\"><strong>W NASZEJ PARAFII<\/strong><\/p>\n<p style=\"text-align: justify;\">Zapotrzebowanie na wizyt\u0119 u chorego mo\u017cna zg\u0142osi\u0107 w zakrystii po Mszach \u015bwi\u0119tych lub w kancelarii \u2013 tak\u017ce telefonicznie. W przypadkach zagro\u017cenia \u017cycia wizyta odbywa si\u0119 \u2013 je\u015bli to mo\u017cliwe \u2013 natychmiastowo.<\/p>\n<p style=\"text-align: justify;\">Zapraszaj\u0105c ksi\u0119dza z Naj\u015bwi\u0119tszym Sakramentem w miar\u0119 mo\u017cliwo\u015bci nale\u017cy przygotowa\u0107 st\u00f3\u0142 (stolik) nakryty bia\u0142ym obrusem, a na nim krzy\u017c i dwie \u015bwiece.<\/p>\n<p style=\"text-align: justify;\"><strong>COMIESI\u0118CZNE WIZYTY U CHORYCH<\/strong><\/p>\n<p style=\"text-align: justify;\">W naszej parafii ksi\u0105dz odwiedza chorych z pos\u0142ug\u0105 sakramentaln\u0105 w ka\u017cdy pierwszy pi\u0105tek miesi\u0105ca. Udzielaj\u0105 Komunii \u015bwi\u0119tej, a w razie potrzeby s\u0142u\u017c\u0105 spowiedzi\u0105 i sakramentem namaszczenia chorych.<\/p>\n","protected":false},"excerpt":{"rendered":"<p>\u201cChoruje kto\u015b w\u015br\u00f3d was? Niech sprowadzi kap\u0142an\u00f3w Ko\u015bcio\u0142a, by si\u0119 modlili nad nim i nama\u015bcili go olejem w imi\u0119 Pana. A modlitwa pe\u0142na wiary b\u0119dzie dla chorego ratunkiem i Pan go pod\u017awignie, a je\u015bliby pope\u0142ni\u0142 grzechy, b\u0119d\u0105 mu odpuszczone\u201d. (Jk 5, 14 \u2013 15). Sakrament namaszczenia chorych jest przeznaczony dla os\u00f3b ci\u0119\u017cko chorych i starszych. [&hellip;]<\/p>\n","protected":false},"author":1,"featured_media":0,"parent":0,"menu_order":0,"comment_status":"closed","ping_status":"closed","template":"","meta":{"footnotes":""},"class_list":["post-245","page","type-page","status-publish","hentry","post-preview"],"_links":{"self":[{"href":"http:\/\/krolowapolskijanuszkowice.pl\/index.php?rest_route=\/wp\/v2\/pages\/245","targetHints":{"allow":["GET"]}}],"collection":[{"href":"http:\/\/krolowapolskijanuszkowice.pl\/index.php?rest_route=\/wp\/v2\/pages"}],"about":[{"href":"http:\/\/krolowapolskijanuszkowice.pl\/index.php?rest_route=\/wp\/v2\/types\/page"}],"author":[{"embeddable":true,"href":"http:\/\/krolowapolskijanuszkowice.pl\/index.php?rest_route=\/wp\/v2\/users\/1"}],"replies":[{"embeddable":true,"href":"http:\/\/krolowapolskijanuszkowice.pl\/index.php?rest_route=%2Fwp%2Fv2%2Fcomments&post=245"}],"version-history":[{"count":1,"href":"http:\/\/krolowapolskijanuszkowice.pl\/index.php?rest_route=\/wp\/v2\/pages\/245\/revisions"}],"predecessor-version":[{"id":248,"href":"http:\/\/krolowapolskijanuszkowice.pl\/index.php?rest_route=\/wp\/v2\/pages\/245\/revisions\/248"}],"wp:attachment":[{"href":"http:\/\/krolowapolskijanuszkowice.pl\/index.php?rest_route=%2Fwp%2Fv2%2Fmedia&parent=245"}],"curies":[{"name":"wp","href":"https:\/\/api.w.org\/{rel}","templated":true}]}}